Last updated on 2025-11-04 11:52:25 CET.
| Flavor | Version | Tinstall | Tcheck | Ttotal | Status | Flags | 
|---|---|---|---|---|---|---|
| r-devel-linux-x86_64-debian-clang | 1.7.6 | 2.99 | 33.69 | 36.68 | NOTE | |
| r-devel-linux-x86_64-debian-gcc | 1.7.6 | 2.75 | 26.02 | 28.77 | NOTE | |
| r-devel-linux-x86_64-fedora-clang | 1.7.6 | 54.45 | OK | |||
| r-devel-linux-x86_64-fedora-gcc | 1.7.6 | 51.74 | OK | |||
| r-devel-windows-x86_64 | 1.7.6 | 7.00 | 50.00 | 57.00 | OK | --no-examples --no-tests --no-vignettes | 
| r-patched-linux-x86_64 | 1.7.6 | 3.21 | 30.83 | 34.04 | OK | |
| r-release-linux-x86_64 | 1.7.6 | 3.05 | 31.31 | 34.36 | OK | |
| r-release-macos-arm64 | 1.7.6 | 3.00 | 21.00 | 24.00 | OK | |
| r-release-macos-x86_64 | 1.7.6 | 3.00 | 44.00 | 47.00 | OK | |
| r-release-windows-x86_64 | 1.7.6 | 6.00 | 45.00 | 51.00 | OK | --no-examples --no-tests --no-vignettes | 
| r-oldrel-macos-arm64 | 1.7.6 | 2.00 | 20.00 | 22.00 | OK | |
| r-oldrel-macos-x86_64 | 1.7.6 | 3.00 | 28.00 | 31.00 | OK | |
| r-oldrel-windows-x86_64 | 1.7.6 | 5.00 | 43.00 | 48.00 | OK | --no-examples --no-tests --no-vignettes | 
Version: 1.7.6
Check: CRAN incoming feasibility
Result: NOTE
  Maintainer: ‘Gergely Daroczi <daroczig@rapporter.net>’
  
  No Authors@R field in DESCRIPTION.
  Please add one, modifying
    Authors@R: person(given = "Gergely",
                      family = "Daroczi",
                      role = c("aut", "cre"),
                      email = "daroczig@rapporter.net")
  as necessary.
Flavors: r-devel-linux-x86_64-debian-clang, r-devel-linux-x86_64-debian-gcc