Last updated on 2025-02-21 17:50:36 CET.
Flavor | Version | Tinstall | Tcheck | Ttotal | Status | Flags |
---|---|---|---|---|---|---|
r-devel-linux-x86_64-debian-clang | 1.1.4 | 38.01 | 38.25 | 76.26 | OK | |
r-devel-linux-x86_64-debian-gcc | 1.1.4 | 28.85 | 28.43 | 57.28 | OK | |
r-devel-linux-x86_64-fedora-clang | 1.1.4 | 145.22 | OK | |||
r-devel-linux-x86_64-fedora-gcc | 1.1.4 | 147.44 | OK | |||
r-devel-macos-arm64 | 1.1.4 | 33.00 | OK | |||
r-devel-macos-x86_64 | 1.1.4 | 77.00 | OK | |||
r-devel-windows-x86_64 | 1.1.4 | 39.00 | 93.00 | 132.00 | OK | |
r-patched-linux-x86_64 | 1.1.4 | 38.12 | 37.20 | 75.32 | OK | |
r-release-linux-x86_64 | 1.1.4 | 38.01 | 37.06 | 75.07 | OK | |
r-release-macos-arm64 | 1.1.4 | 36.00 | NOTE | |||
r-release-macos-x86_64 | 1.1.4 | 54.00 | NOTE | |||
r-release-windows-x86_64 | 1.1.4 | 40.00 | 87.00 | 127.00 | OK | |
r-oldrel-macos-arm64 | 1.1.4 | 45.00 | NOTE | |||
r-oldrel-macos-x86_64 | 1.1.4 | 69.00 | NOTE | |||
r-oldrel-windows-x86_64 | 1.1.4 | 48.00 | 100.00 | 148.00 | OK |
Version: 1.1.4
Check: installed package size
Result: NOTE
installed size is 6.1Mb
sub-directories of 1Mb or more:
libs 6.0Mb
Flavors: r-release-macos-arm64, r-release-macos-x86_64, r-oldrel-macos-arm64, r-oldrel-macos-x86_64