CRAN Package Check Results for Package ASV

Last updated on 2025-04-16 18:50:00 CEST.

Flavor Version Tinstall Tcheck Ttotal Status Flags
r-devel-linux-x86_64-debian-clang 1.1.4 37.48 38.68 76.16 OK
r-devel-linux-x86_64-debian-gcc 1.1.4 28.64 29.30 57.94 OK
r-devel-linux-x86_64-fedora-clang 1.1.4 132.09 OK
r-devel-linux-x86_64-fedora-gcc 1.1.4 139.63 OK
r-devel-windows-x86_64 1.1.4 44.00 86.00 130.00 OK
r-patched-linux-x86_64 1.1.4 38.78 36.35 75.13 OK
r-release-linux-x86_64 1.1.4 36.97 37.08 74.05 OK
r-release-macos-arm64 1.1.4 39.00 OK
r-release-macos-x86_64 1.1.4 78.00 OK
r-release-windows-x86_64 1.1.4 42.00 87.00 129.00 OK
r-oldrel-macos-arm64 1.1.4 36.00 NOTE
r-oldrel-macos-x86_64 1.1.4 54.00 NOTE
r-oldrel-windows-x86_64 1.1.4 52.00 102.00 154.00 OK

Check Details

Version: 1.1.4
Check: installed package size
Result: NOTE installed size is 6.1Mb sub-directories of 1Mb or more: libs 6.0Mb Flavors: r-oldrel-macos-arm64, r-oldrel-macos-x86_64

mirror server hosted at Truenetwork, Russian Federation.