Last updated on 2025-11-03 11:49:36 CET.
| Flavor | Version | Tinstall | Tcheck | Ttotal | Status | Flags |
|---|---|---|---|---|---|---|
| r-devel-linux-x86_64-debian-clang | 0.1.2 | 71.25 | 76.57 | 147.82 | WARN | |
| r-devel-linux-x86_64-debian-gcc | 0.1.2 | 55.39 | 55.59 | 110.98 | WARN | |
| r-devel-linux-x86_64-fedora-clang | 0.1.2 | 239.00 | 1.26 | 240.26 | NOTE | |
| r-devel-linux-x86_64-fedora-gcc | 0.1.2 | 160.00 | 91.56 | 251.56 | NOTE | |
| r-devel-windows-x86_64 | 0.1.2 | 68.00 | 100.00 | 168.00 | NOTE | |
| r-patched-linux-x86_64 | 0.1.2 | 82.94 | 75.45 | 158.39 | NOTE | |
| r-release-linux-x86_64 | 0.1.2 | 81.74 | 76.91 | 158.65 | NOTE | |
| r-release-macos-arm64 | 0.1.2 | 34.00 | 30.00 | 64.00 | NOTE | |
| r-release-macos-x86_64 | 0.1.2 | 50.00 | 52.00 | 102.00 | NOTE | |
| r-release-windows-x86_64 | 0.1.2 | 70.00 | 101.00 | 171.00 | NOTE | |
| r-oldrel-macos-arm64 | 0.1.2 | 27.00 | 27.00 | 54.00 | NOTE | |
| r-oldrel-macos-x86_64 | 0.1.2 | 38.00 | 41.00 | 79.00 | NOTE | |
| r-oldrel-windows-x86_64 | 0.1.2 | 84.00 | 131.00 | 215.00 | NOTE |
Version: 0.1.2
Check: CRAN incoming feasibility
Result: NOTE
Maintainer: ‘Pulong Ma <mpulong@gmail.com>’
The Description field contains
Andrew T Cox (2019) <arXiv:1909.01836>.
Please refer to arXiv e-prints via their arXiv DOI <doi:10.48550/arXiv.YYMM.NNNNN>.
Flavors: r-devel-linux-x86_64-debian-clang, r-devel-linux-x86_64-debian-gcc
Version: 0.1.2
Check: whether package can be installed
Result: WARN
Found the following significant warnings:
/home/hornik/tmp/R.check/r-devel-clang/Work/build/Packages/RcppArmadillo/include/RcppArmadillo/version/arma.h:66:17: warning: Using fallback compilation with Armadillo 14.6.3. Please consider defining -DARMA_USE_CURRENT and also removing C++11 compilation directive. See GitHub issue #475 for more. [-W#pragma-messages]
See ‘/home/hornik/tmp/R.check/r-devel-clang/Work/PKGS/ARCokrig.Rcheck/00install.out’ for details.
* used C++ compiler: ‘Debian clang version 19.1.7 (7)’
Flavor: r-devel-linux-x86_64-debian-clang
Version: 0.1.2
Check: C++ specification
Result: NOTE
Specified C++11: please drop specification unless essential
Flavors: r-devel-linux-x86_64-debian-clang, r-devel-linux-x86_64-debian-gcc, r-devel-linux-x86_64-fedora-clang, r-devel-linux-x86_64-fedora-gcc, r-devel-windows-x86_64, r-patched-linux-x86_64, r-release-linux-x86_64, r-release-macos-arm64, r-release-macos-x86_64, r-release-windows-x86_64, r-oldrel-macos-arm64, r-oldrel-macos-x86_64, r-oldrel-windows-x86_64
Version: 0.1.2
Check: whether package can be installed
Result: WARN
Found the following significant warnings:
/home/hornik/tmp/R.check/r-devel-gcc/Work/build/Packages/RcppArmadillo/include/RcppArmadillo/version/arma.h:66:199: note: ‘#pragma message: Using fallback compilation with Armadillo 14.6.3. Please consider defining -DARMA_USE_CURRENT and also removing C++11 compilation directive. See GitHub issue #475 for more.’
See ‘/home/hornik/tmp/R.check/r-devel-gcc/Work/PKGS/ARCokrig.Rcheck/00install.out’ for details.
* used C++ compiler: ‘g++-15 (Debian 15.2.0-7) 15.2.0’
Flavor: r-devel-linux-x86_64-debian-gcc
Version: 0.1.2
Check: installed package size
Result: NOTE
installed size is 30.0Mb
sub-directories of 1Mb or more:
libs 29.7Mb
Flavors: r-oldrel-macos-arm64, r-oldrel-macos-x86_64