CRAN Package Check Results for Package ANOPA

Last updated on 2025-05-29 00:48:15 CEST.

Flavor Version Tinstall Tcheck Ttotal Status Flags
r-devel-linux-x86_64-debian-clang 0.1.3 8.05 141.41 149.46 NOTE
r-devel-linux-x86_64-debian-gcc 0.1.3 5.83 97.34 103.17 NOTE
r-devel-linux-x86_64-fedora-clang 0.1.3 237.06 NOTE
r-devel-linux-x86_64-fedora-gcc 0.1.3 240.85 NOTE
r-devel-windows-x86_64 0.1.3 10.00 146.00 156.00 NOTE
r-patched-linux-x86_64 0.1.3 7.92 131.29 139.21 NOTE
r-release-linux-x86_64 0.1.3 6.46 131.73 138.19 NOTE
r-release-macos-arm64 0.1.3 69.00 NOTE
r-release-macos-x86_64 0.1.3 134.00 NOTE
r-release-windows-x86_64 0.1.3 12.00 148.00 160.00 NOTE
r-oldrel-macos-arm64 0.1.3 81.00 OK
r-oldrel-macos-x86_64 0.1.3 159.00 OK
r-oldrel-windows-x86_64 0.1.3 14.00 202.00 216.00 OK

Check Details

Version: 0.1.3
Check: DESCRIPTION meta-information
Result: NOTE Missing dependency on R >= 4.1.0 because package code uses the pipe |> or function shorthand \(...) syntax added in R 4.1.0. File(s) using such syntax: ‘ANOPA-anopa.R’ ‘ANOPA-contrastProportions.R’ ‘ANOPA-convert.R’ ‘ANOPA-random.R’ Flavors: r-devel-linux-x86_64-debian-clang, r-devel-linux-x86_64-debian-gcc, r-devel-linux-x86_64-fedora-clang, r-devel-linux-x86_64-fedora-gcc, r-devel-windows-x86_64, r-patched-linux-x86_64, r-release-linux-x86_64, r-release-macos-arm64, r-release-macos-x86_64, r-release-windows-x86_64

mirror server hosted at Truenetwork, Russian Federation.