Last updated on 2025-11-04 11:52:24 CET.
| Flavor | Version | Tinstall | Tcheck | Ttotal | Status | Flags | 
|---|---|---|---|---|---|---|
| r-devel-linux-x86_64-debian-clang | 0.1.4 | 6.17 | 51.38 | 57.55 | NOTE | |
| r-devel-linux-x86_64-debian-gcc | 0.1.4 | 4.97 | 39.10 | 44.07 | NOTE | |
| r-devel-linux-x86_64-fedora-clang | 0.1.4 | 15.00 | 73.72 | 88.72 | OK | |
| r-devel-linux-x86_64-fedora-gcc | 0.1.4 | 22.00 | 83.02 | 105.02 | OK | |
| r-devel-windows-x86_64 | 0.1.4 | 9.00 | 68.00 | 77.00 | OK | |
| r-patched-linux-x86_64 | 0.1.4 | 6.67 | 48.87 | 55.54 | OK | |
| r-release-linux-x86_64 | 0.1.4 | 6.53 | 48.74 | 55.27 | OK | |
| r-release-macos-arm64 | 0.1.4 | 5.00 | 40.00 | 45.00 | OK | |
| r-release-macos-x86_64 | 0.1.4 | 8.00 | 55.00 | 63.00 | OK | |
| r-release-windows-x86_64 | 0.1.4 | 9.00 | 65.00 | 74.00 | OK | |
| r-oldrel-macos-arm64 | 0.1.4 | 3.00 | 32.00 | 35.00 | OK | |
| r-oldrel-macos-x86_64 | 0.1.4 | 5.00 | 45.00 | 50.00 | OK | |
| r-oldrel-windows-x86_64 | 0.1.4 | 10.00 | 80.00 | 90.00 | OK | 
Version: 0.1.4
Check: CRAN incoming feasibility
Result: NOTE
  Maintainer: ‘Jon Katz <jonkatz4@gmail.com>’
  
  No Authors@R field in DESCRIPTION.
  Please add one, modifying
    Authors@R: c(person(given = "Jon",
                        family = "Katz",
                        role = c("aut", "cre"),
                        email = "jonkatz4@gmail.com"),
                 person(given = "Therese",
                        family = "Donovan",
                        role = "aut",
                        email = "tdonovan@uvm.edu"))
  as necessary.
  
  Package CITATION file contains call(s) to old-style personList() or
  as.personList().  Please use c() on person objects instead.
  Package CITATION file contains call(s) to old-style citEntry().  Please
  use bibentry() instead.
  
  Found the following \keyword or \concept entries
  which likely give several index terms:
    File ‘simCovariate.Rd’:
      \keyword{datagen,}
Flavors: r-devel-linux-x86_64-debian-clang, r-devel-linux-x86_64-debian-gcc