CRAN Package Check Results for Package AEDForecasting

Last updated on 2025-02-22 05:51:28 CET.

Flavor Version Tinstall Tcheck Ttotal Status Flags
r-devel-linux-x86_64-debian-clang 0.20.0 1.85 21.32 23.17 OK
r-devel-linux-x86_64-debian-gcc 0.20.0 1.56 16.55 18.11 OK
r-devel-linux-x86_64-fedora-clang 0.20.0 41.17 OK
r-devel-linux-x86_64-fedora-gcc 0.20.0 54.85 OK
r-devel-macos-arm64 0.20.0 23.00 OK
r-devel-macos-x86_64 0.20.0 36.00 OK
r-devel-windows-x86_64 0.20.0 4.00 52.00 56.00 OK
r-patched-linux-x86_64 0.20.0 1.48 21.59 23.07 NOTE
r-release-linux-x86_64 0.20.0 1.90 21.45 23.35 NOTE
r-release-macos-arm64 0.20.0 22.00 NOTE
r-release-macos-x86_64 0.20.0 32.00 NOTE
r-release-windows-x86_64 0.20.0 4.00 43.00 47.00 NOTE
r-oldrel-macos-arm64 0.20.0 23.00 NOTE
r-oldrel-macos-x86_64 0.20.0 28.00 NOTE
r-oldrel-windows-x86_64 0.20.0 5.00 45.00 50.00 NOTE

Check Details

Version: 0.20.0
Check: LazyData
Result: NOTE 'LazyData' is specified without a 'data' directory Flavors: r-patched-linux-x86_64, r-release-linux-x86_64, r-release-macos-arm64, r-release-macos-x86_64, r-release-windows-x86_64, r-oldrel-macos-arm64, r-oldrel-macos-x86_64, r-oldrel-windows-x86_64

mirror server hosted at Truenetwork, Russian Federation.