Last updated on 2025-11-04 11:52:24 CET.
| Flavor | Version | Tinstall | Tcheck | Ttotal | Status | Flags | 
|---|---|---|---|---|---|---|
| r-devel-linux-x86_64-debian-clang | 2.0 | 7.17 | 70.54 | 77.71 | NOTE | |
| r-devel-linux-x86_64-debian-gcc | 2.0 | 5.97 | 50.59 | 56.56 | NOTE | |
| r-devel-linux-x86_64-fedora-clang | 2.0 | 18.00 | 104.19 | 122.19 | OK | |
| r-devel-linux-x86_64-fedora-gcc | 2.0 | 19.00 | 99.67 | 118.67 | OK | |
| r-devel-windows-x86_64 | 2.0 | 9.00 | 98.00 | 107.00 | OK | |
| r-patched-linux-x86_64 | 2.0 | 7.39 | 67.81 | 75.20 | OK | |
| r-release-linux-x86_64 | 2.0 | 7.41 | 67.60 | 75.01 | OK | |
| r-release-macos-arm64 | 2.0 | 4.00 | 47.00 | 51.00 | OK | |
| r-release-macos-x86_64 | 2.0 | 7.00 | 56.00 | 63.00 | OK | |
| r-release-windows-x86_64 | 2.0 | 9.00 | 93.00 | 102.00 | OK | |
| r-oldrel-macos-arm64 | 2.0 | 4.00 | 31.00 | 35.00 | OK | |
| r-oldrel-macos-x86_64 | 2.0 | 7.00 | 49.00 | 56.00 | OK | |
| r-oldrel-windows-x86_64 | 2.0 | 13.00 | 98.00 | 111.00 | OK | 
Version: 2.0
Check: CRAN incoming feasibility
Result: NOTE
  Maintainer: ‘Yili Hong <yilihong@vt.edu>’
  
  No Authors@R field in DESCRIPTION.
  Please add one, modifying
    Authors@R: c(person(given = "Yili",
                        family = "Hong",
                        role = c("aut", "cre"),
                        email = "yilihong@vt.edu"),
                 person(given = "Yimeng",
                        family = "Xie",
                        role = "aut"),
                 person(given = "Zhongnan",
                        family = "Jin",
                        role = "aut"),
                 person(given = "Caleb",
                        family = "King",
                        role = "aut"))
  as necessary.
Flavors: r-devel-linux-x86_64-debian-clang, r-devel-linux-x86_64-debian-gcc