CRAN Package Check Results for Package ACNE

Last updated on 2025-07-16 07:48:59 CEST.

Flavor Version Tinstall Tcheck Ttotal Status Flags
r-devel-linux-x86_64-debian-clang 0.9.1 5.01 52.67 57.68 NOTE
r-devel-linux-x86_64-debian-gcc 0.9.1 3.99 37.79 41.78 NOTE
r-devel-linux-x86_64-fedora-clang 0.9.1 90.35 OK
r-devel-linux-x86_64-fedora-gcc 0.9.1 85.24 OK
r-devel-windows-x86_64 0.9.1 8.00 70.00 78.00 NOTE
r-patched-linux-x86_64 0.9.1 6.51 49.84 56.35 NOTE
r-release-linux-x86_64 0.9.1 6.10 49.74 55.84 NOTE
r-release-macos-arm64 0.9.1 28.00 OK
r-release-macos-x86_64 0.9.1 55.00 OK
r-release-windows-x86_64 0.9.1 8.00 68.00 76.00 NOTE
r-oldrel-macos-arm64 0.9.1 30.00 OK
r-oldrel-macos-x86_64 0.9.1 44.00 OK
r-oldrel-windows-x86_64 0.9.1 10.00 86.00 96.00 OK

Check Details

Version: 0.9.1
Check: Rd cross-references
Result: NOTE Found the following Rd file(s) with Rd \link{} targets missing package anchors: doACNE.Rd: AffymetrixCelSet, Verbose Please provide package anchors for all Rd \link{} targets not in the package itself and the base packages. Flavors: r-devel-linux-x86_64-debian-clang, r-devel-linux-x86_64-debian-gcc, r-devel-windows-x86_64, r-patched-linux-x86_64, r-release-linux-x86_64, r-release-windows-x86_64

mirror server hosted at Truenetwork, Russian Federation.