Last updated on 2025-11-04 11:52:24 CET.
| Flavor | Version | Tinstall | Tcheck | Ttotal | Status | Flags | 
|---|---|---|---|---|---|---|
| r-devel-linux-x86_64-debian-clang | 1.2.1 | 2.41 | 23.17 | 25.58 | NOTE | |
| r-devel-linux-x86_64-debian-gcc | 1.2.1 | 1.80 | 17.51 | 19.31 | NOTE | |
| r-devel-linux-x86_64-fedora-clang | 1.2.1 | 37.57 | OK | |||
| r-devel-linux-x86_64-fedora-gcc | 1.2.1 | 35.34 | OK | |||
| r-devel-windows-x86_64 | 1.2.1 | 5.00 | 70.00 | 75.00 | OK | |
| r-patched-linux-x86_64 | 1.2.1 | 2.50 | 22.73 | 25.23 | OK | |
| r-release-linux-x86_64 | 1.2.1 | 2.21 | 21.39 | 23.60 | OK | |
| r-release-macos-arm64 | 1.2.1 | 1.00 | 15.00 | 16.00 | OK | |
| r-release-macos-x86_64 | 1.2.1 | 2.00 | 23.00 | 25.00 | OK | |
| r-release-windows-x86_64 | 1.2.1 | 6.00 | 56.00 | 62.00 | OK | |
| r-oldrel-macos-arm64 | 1.2.1 | 1.00 | 14.00 | 15.00 | OK | |
| r-oldrel-macos-x86_64 | 1.2.1 | 2.00 | 27.00 | 29.00 | OK | |
| r-oldrel-windows-x86_64 | 1.2.1 | 5.00 | 57.00 | 62.00 | OK | 
Version: 1.2.1
Check: CRAN incoming feasibility
Result: NOTE
  Maintainer: ‘Florian Lerch <lerch@mathematik.uni-marburg.de>’
  
  No Authors@R field in DESCRIPTION.
  Please add one, modifying
    Authors@R: c(person(given = "Michael",
                        family = "Thrun",
                        role = "aut"),
                 person(given = "Jorn",
                        family = "Lotsch",
                        role = "aut"),
                 person(given = "Alfred",
                        family = "Ultsch",
                        role = "aut"),
                 person(given = "Florian",
                        family = "Lerch",
                        role = "cre",
                        email = "lerch@mathematik.uni-marburg.de"))
  as necessary.
  
  Found the following \keyword or \concept entries
  which likely give several index terms:
    File ‘SwissInhabitants.Rd’:
      \keyword{datasets,SwissInhabitants,SwissInhabitant [TRUNCATED]
Flavors: r-devel-linux-x86_64-debian-clang, r-devel-linux-x86_64-debian-gcc